{"id":364,"date":"2023-10-21T22:08:06","date_gmt":"2023-10-21T22:08:06","guid":{"rendered":"https:\/\/casacarlota.cl\/?page_id=364"},"modified":"2024-09-07T23:06:28","modified_gmt":"2024-09-07T23:06:28","slug":"sobre-chic","status":"publish","type":"page","link":"https:\/\/casacarlota.cl\/?page_id=364","title":{"rendered":"sobre chic"},"content":{"rendered":"\n\n\t\t\t\t<img loading=\"lazy\" decoding=\"async\" src=\"https:\/\/casacarlota.cl\/wp-content\/uploads\/2023\/10\/Imagenes-Pag-Web_Carrusel-de-CHIC-1.png\" alt=\"Im\u00e1genes - Pag Web_Carrusel de CHIC -1\" itemprop=\"image\" height=\"4501\" width=\"8000\" title=\"Im\u00e1genes - Pag Web_Carrusel de CHIC -1\" onerror=\"this.style.display='none'\"  \/>\n\t\t\t\t<img loading=\"lazy\" decoding=\"async\" src=\"https:\/\/casacarlota.cl\/wp-content\/uploads\/2023\/10\/CHIC-Original.png\" alt=\"CHIC - Original\" itemprop=\"image\" height=\"3134\" width=\"4500\" title=\"CHIC - Original\" onerror=\"this.style.display='none'\"  \/>\n<h2>\n\t\t&#8220;Comenz\u00f3 cuando en mi trabajo de renovaci\u00f3n y restauraci\u00f3n de muebles busqu\u00e9 hermosas pinturas que se adaptaran a mi estilo de trabajo, sin embargo, no encontr\u00e9&#8230;&#8221;\n\t<\/h2>\n<h2>\n\t\tCarla Contardo\n\t<\/h2>\n\t\t\t\t<img loading=\"lazy\" decoding=\"async\" src=\"https:\/\/casacarlota.cl\/wp-content\/uploads\/2024\/01\/Untitasdasdasdsadled.png\" alt=\"Untitasdasdasdsadled\" itemprop=\"image\" height=\"587\" width=\"449\" title=\"Untitasdasdasdsadled\" onerror=\"this.style.display='none'\"  \/>\n<h2>\n\t\tBeneficios\n\t<\/h2>\n\t\t\t\t<img loading=\"lazy\" decoding=\"async\" src=\"https:\/\/casacarlota.cl\/wp-content\/uploads\/2023\/10\/Imagenes-Pag-Web_Icono-Beneficios-1-150x150.png\" alt=\"Im\u00e1genes - Pag Web_\u00cdcono Beneficios 1\" itemprop=\"image\" height=\"150\" width=\"150\" title=\"Im\u00e1genes - Pag Web_\u00cdcono Beneficios 1\" onerror=\"this.style.display='none'\"  \/>\n<h2>\n\t\tAmplia gama de colores\n\t<\/h2>\n<h2>\n\t\tvibrantes y moderns\n\t<\/h2>\n\t\t\t\t<img loading=\"lazy\" decoding=\"async\" src=\"https:\/\/casacarlota.cl\/wp-content\/uploads\/2023\/10\/Imagenes-Pag-Web_Icono-Beneficios-21-150x150.png\" alt=\"Im\u00e1genes - Pag Web_\u00cdcono Beneficios 2(1)\" itemprop=\"image\" height=\"150\" width=\"150\" title=\"Im\u00e1genes - Pag Web_\u00cdcono Beneficios 2(1)\" onerror=\"this.style.display='none'\"  \/>\n<h2>\n\t\tAlto poder cubritivo\n\t<\/h2>\n<h1>\n\t\tAhorrando tiempo y esfuerzo en capas adicionales.\n\t<\/h1>\n\t\t\t\t<img loading=\"lazy\" decoding=\"async\" src=\"https:\/\/casacarlota.cl\/wp-content\/uploads\/2023\/10\/Imagenes-Pag-Web_Icono-Beneficios-3-150x150.png\" alt=\"Im\u00e1genes - Pag Web_\u00cdcono Beneficios 3\" itemprop=\"image\" height=\"150\" width=\"150\" title=\"Im\u00e1genes - Pag Web_\u00cdcono Beneficios 3\" onerror=\"this.style.display='none'\"  \/>\n<h2>\n\t\tAcabado mate\n\t<\/h2>\n<h2>\n\t\tElegante y sofisticado.\n\t<\/h2>\n\t\t\t\t<img loading=\"lazy\" decoding=\"async\" src=\"https:\/\/casacarlota.cl\/wp-content\/uploads\/2023\/10\/Imagenes-Pag-Web_Icono-Beneficios-4-150x150.png\" alt=\"Im\u00e1genes - Pag Web_\u00cdcono Beneficios 4\" itemprop=\"image\" height=\"150\" width=\"150\" title=\"Im\u00e1genes - Pag Web_\u00cdcono Beneficios 4\" onerror=\"this.style.display='none'\"  \/>\n<h2>\n\t\tVersatilidad\n\t<\/h2>\n<h2>\n\t\tSe adhiere facilmente a diversas superficies como madera, textiles, fierro y mas\n\t<\/h2>\n\n","protected":false},"excerpt":{"rendered":"<p>&#8220;Comenz\u00f3 cuando en mi trabajo de renovaci\u00f3n y restauraci\u00f3n de muebles busqu\u00e9 hermosas pinturas que se adaptaran a mi estilo de trabajo, sin embargo, no encontr\u00e9&#8230;&#8221; Carla Contardo Beneficios Amplia gama de colores vibrantes y moderns Alto poder cubritivo Ahorrando tiempo y esfuerzo en capas adicionales. Acabado mate Elegante y sofisticado. Versatilidad Se adhiere facilmente [&hellip;]<\/p>\n","protected":false},"author":1,"featured_media":0,"parent":0,"menu_order":0,"comment_status":"closed","ping_status":"closed","template":"template-homepage.php","meta":{"footnotes":""},"class_list":["post-364","page","type-page","status-publish","hentry"],"_links":{"self":[{"href":"https:\/\/casacarlota.cl\/index.php?rest_route=\/wp\/v2\/pages\/364","targetHints":{"allow":["GET"]}}],"collection":[{"href":"https:\/\/casacarlota.cl\/index.php?rest_route=\/wp\/v2\/pages"}],"about":[{"href":"https:\/\/casacarlota.cl\/index.php?rest_route=\/wp\/v2\/types\/page"}],"author":[{"embeddable":true,"href":"https:\/\/casacarlota.cl\/index.php?rest_route=\/wp\/v2\/users\/1"}],"replies":[{"embeddable":true,"href":"https:\/\/casacarlota.cl\/index.php?rest_route=%2Fwp%2Fv2%2Fcomments&post=364"}],"version-history":[{"count":11,"href":"https:\/\/casacarlota.cl\/index.php?rest_route=\/wp\/v2\/pages\/364\/revisions"}],"predecessor-version":[{"id":708,"href":"https:\/\/casacarlota.cl\/index.php?rest_route=\/wp\/v2\/pages\/364\/revisions\/708"}],"wp:attachment":[{"href":"https:\/\/casacarlota.cl\/index.php?rest_route=%2Fwp%2Fv2%2Fmedia&parent=364"}],"curies":[{"name":"wp","href":"https:\/\/api.w.org\/{rel}","templated":true}]}}